{"id":2067,"date":"2025-03-31T22:43:48","date_gmt":"2025-04-01T03:43:48","guid":{"rendered":"https:\/\/mgpromocionales.co\/?post_type=product&#038;p=2067"},"modified":"2025-04-01T19:01:35","modified_gmt":"2025-04-02T00:01:35","slug":"boligrafo-mississippi-milk","status":"publish","type":"product","link":"https:\/\/mgpromocionales.co\/index.php\/product\/boligrafo-mississippi-milk\/","title":{"rendered":"Bol\u00edgrafo Mississippi Milk"},"content":{"rendered":"<h6><img loading=\"lazy\" decoding=\"async\" class=\"alignnone wp-image-2050\" src=\"https:\/\/mgpromocionales.co\/wp-content\/uploads\/2025\/03\/Tetrapack-300x300.png\" alt=\"Los envases de Tetrapack han revolucionado la forma en que almacenamos y consumimos diferentes productos en nuestra vida cotidiana. Estos envases, compuestos principalmente por papel, aluminio y pl\u00e1stico, no solo nos brindan practicidad en su manipulaci\u00f3n, sino que tambi\u00e9n presentan una serie de beneficios ambientales.\" width=\"68\" height=\"68\" srcset=\"https:\/\/mgpromocionales.co\/wp-content\/uploads\/2025\/03\/Tetrapack-300x300.png 300w, https:\/\/mgpromocionales.co\/wp-content\/uploads\/2025\/03\/Tetrapack-1024x1024.png 1024w, https:\/\/mgpromocionales.co\/wp-content\/uploads\/2025\/03\/Tetrapack-150x150.png 150w, https:\/\/mgpromocionales.co\/wp-content\/uploads\/2025\/03\/Tetrapack-768x768.png 768w, https:\/\/mgpromocionales.co\/wp-content\/uploads\/2025\/03\/Tetrapack-800x800.png 800w, https:\/\/mgpromocionales.co\/wp-content\/uploads\/2025\/03\/Tetrapack-700x700.png 700w, https:\/\/mgpromocionales.co\/wp-content\/uploads\/2025\/03\/Tetrapack-100x100.png 100w, https:\/\/mgpromocionales.co\/wp-content\/uploads\/2025\/03\/Tetrapack.png 1080w\" sizes=\"(max-width: 68px) 100vw, 68px\" \/><span style=\"vertical-align: inherit;\"><span style=\"vertical-align: inherit;\">Los envases de Tetrapack han revolucionado la forma en que almacenamos y consumimos diferentes productos en nuestra vida cotidiana. Estos envases, compuestos principalmente por papel, aluminio y pl\u00e1stico, no solo nos brindan practicidad en su manipulaci\u00f3n, sino que tambi\u00e9n presentan una serie de beneficios ambientales.<\/span><\/span><\/h6>\n","protected":false},"excerpt":{"rendered":"<p class=\"ng-star-inserted\"><span style=\"vertical-align: inherit;\"><span style=\"vertical-align: inherit;\">Bol\u00edgrafo elaborado en material recuperado de cajas Tetra Pak. Clip y punta pl\u00e1stica. Sistema retr\u00e1ctil.<\/span><\/span><\/p>\n<div class=\"py-3\">\n<ul>\n<li><b><span style=\"vertical-align: inherit;\"><span style=\"vertical-align: inherit;\">MATERIAL:\u00a0<\/span><\/span><\/b><span style=\"vertical-align: inherit;\"><span style=\"vertical-align: inherit;\"> Cart\u00f3n recuperado + ABS<\/span><\/span><\/li>\n<li><b><span style=\"vertical-align: inherit;\"><span style=\"vertical-align: inherit;\">MEDIDAS:\u00a0<\/span><\/span><\/b><span style=\"vertical-align: inherit;\"><span style=\"vertical-align: inherit;\"> 14 cm x 1 cm.<\/span><\/span><\/li>\n<\/ul>\n<h5><strong><span style=\"vertical-align: inherit;\">Colores disponibles:<\/span><\/strong><img loading=\"lazy\" decoding=\"async\" class=\"alignnone wp-image-2068\" src=\"https:\/\/mgpromocionales.co\/wp-content\/uploads\/2025\/03\/colors-misisipimilk.png\" alt=\"\" width=\"179\" height=\"28\" \/><\/h5>\n<\/div>\n","protected":false},"featured_media":2069,"comment_status":"open","ping_status":"closed","template":"","meta":{"_kadence_starter_templates_imported_post":false,"_kad_post_transparent":"default","_kad_post_title":"","_kad_post_layout":"default","_kad_post_sidebar_id":"","_kad_post_content_style":"default","_kad_post_vertical_padding":"default","_kad_post_feature":"","_kad_post_feature_position":"","_kad_post_header":false,"_kad_post_footer":false},"product_brand":[],"product_cat":[25,39],"product_tag":[31,30,29,34],"class_list":{"0":"post-2067","1":"product","2":"type-product","3":"status-publish","4":"has-post-thumbnail","6":"product_cat-boligrafos","7":"product_cat-boligrafos-ecologicos","8":"product_tag-boligrafos","9":"product_tag-ecologicos","10":"product_tag-escritura","11":"product_tag-tetrapack","13":"first","14":"instock","15":"shipping-taxable","16":"product-type-simple","17":"entry","18":"content-bg","19":"loop-entry"},"_links":{"self":[{"href":"https:\/\/mgpromocionales.co\/index.php\/wp-json\/wp\/v2\/product\/2067"}],"collection":[{"href":"https:\/\/mgpromocionales.co\/index.php\/wp-json\/wp\/v2\/product"}],"about":[{"href":"https:\/\/mgpromocionales.co\/index.php\/wp-json\/wp\/v2\/types\/product"}],"replies":[{"embeddable":true,"href":"https:\/\/mgpromocionales.co\/index.php\/wp-json\/wp\/v2\/comments?post=2067"}],"wp:featuredmedia":[{"embeddable":true,"href":"https:\/\/mgpromocionales.co\/index.php\/wp-json\/wp\/v2\/media\/2069"}],"wp:attachment":[{"href":"https:\/\/mgpromocionales.co\/index.php\/wp-json\/wp\/v2\/media?parent=2067"}],"wp:term":[{"taxonomy":"product_brand","embeddable":true,"href":"https:\/\/mgpromocionales.co\/index.php\/wp-json\/wp\/v2\/product_brand?post=2067"},{"taxonomy":"product_cat","embeddable":true,"href":"https:\/\/mgpromocionales.co\/index.php\/wp-json\/wp\/v2\/product_cat?post=2067"},{"taxonomy":"product_tag","embeddable":true,"href":"https:\/\/mgpromocionales.co\/index.php\/wp-json\/wp\/v2\/product_tag?post=2067"}],"curies":[{"name":"wp","href":"https:\/\/api.w.org\/{rel}","templated":true}]}}