{"id":2071,"date":"2025-03-31T22:57:48","date_gmt":"2025-04-01T03:57:48","guid":{"rendered":"https:\/\/mgpromocionales.co\/?post_type=product&#038;p=2071"},"modified":"2025-04-01T19:01:11","modified_gmt":"2025-04-02T00:01:11","slug":"boligrafo-new-castle-corcho","status":"publish","type":"product","link":"https:\/\/mgpromocionales.co\/index.php\/product\/boligrafo-new-castle-corcho\/","title":{"rendered":"Bol\u00edgrafo New Castle Corcho"},"content":{"rendered":"<h6><img loading=\"lazy\" decoding=\"async\" class=\"alignnone wp-image-2040\" src=\"https:\/\/mgpromocionales.co\/wp-content\/uploads\/2025\/03\/paja-trigo-300x300.png\" alt=\"Botella Litro Trigo\" width=\"55\" height=\"55\" srcset=\"https:\/\/mgpromocionales.co\/wp-content\/uploads\/2025\/03\/paja-trigo-300x300.png 300w, https:\/\/mgpromocionales.co\/wp-content\/uploads\/2025\/03\/paja-trigo-100x100.png 100w, https:\/\/mgpromocionales.co\/wp-content\/uploads\/2025\/03\/paja-trigo-150x150.png 150w, https:\/\/mgpromocionales.co\/wp-content\/uploads\/2025\/03\/paja-trigo.png 525w\" sizes=\"(max-width: 55px) 100vw, 55px\" \/>La paja de trigo, tambi\u00e9n conocida como fibra de trigo o ca\u00f1a de trigo, se ha convertido en un material eco-amigable ampliamente utilizado en la fabricaci\u00f3n de productos sostenibles. Los bol\u00edgrafos con cuerpo de paja de trigo son una alternativa sostenible a los bol\u00edgrafos tradicionales. Est\u00e1n compuestos por un 60% de paja de trigo y un 40% de ABS. La fibra de trigo les proporciona resistencia y durabilidad, mientras que el ABS garantiza una escritura suave y c\u00f3moda.<\/h6>\n<h6><img loading=\"lazy\" decoding=\"async\" class=\"alignnone wp-image-2074\" src=\"https:\/\/mgpromocionales.co\/wp-content\/uploads\/2025\/03\/corcho-300x300.png\" alt=\"\" width=\"56\" height=\"56\" srcset=\"https:\/\/mgpromocionales.co\/wp-content\/uploads\/2025\/03\/corcho-300x300.png 300w, https:\/\/mgpromocionales.co\/wp-content\/uploads\/2025\/03\/corcho-150x150.png 150w, https:\/\/mgpromocionales.co\/wp-content\/uploads\/2025\/03\/corcho-100x100.png 100w, https:\/\/mgpromocionales.co\/wp-content\/uploads\/2025\/03\/corcho.png 526w\" sizes=\"(max-width: 56px) 100vw, 56px\" \/>La corteza del alcornoque se extrae sin necesidad de tallar el \u00e1rbol, y comienza a regenerarse naturalmente por s\u00ed sola a las pocas horas de la extracci\u00f3n. El corcho es un material natural, ecol\u00f3gico, reciclable y biodegradable.<\/h6>\n<h6><\/h6>\n","protected":false},"excerpt":{"rendered":"<p class=\"ng-star-inserted\">Bol\u00edgrafo ecol\u00f3gico con sistema retr\u00e1ctil.<\/p>\n<div class=\"py-3\">\n<ul>\n<li><b>MATERIAL:\u00a0<\/b>Paja de Trigo + Corcho<\/li>\n<li><b>MEDIDAS:\u00a0<\/b>14 cm de largo.<\/li>\n<\/ul>\n<h5><strong>Colores disponibles:<\/strong><img loading=\"lazy\" decoding=\"async\" class=\"alignnone wp-image-2075\" src=\"https:\/\/mgpromocionales.co\/wp-content\/uploads\/2025\/03\/colores-corcho.png\" alt=\"\" width=\"118\" height=\"23\" \/><\/h5>\n<\/div>\n","protected":false},"featured_media":2097,"comment_status":"open","ping_status":"closed","template":"","meta":{"_kadence_starter_templates_imported_post":false,"_kad_post_transparent":"default","_kad_post_title":"","_kad_post_layout":"default","_kad_post_sidebar_id":"","_kad_post_content_style":"default","_kad_post_vertical_padding":"default","_kad_post_feature":"","_kad_post_feature_position":"","_kad_post_header":false,"_kad_post_footer":false},"product_brand":[],"product_cat":[25,39],"product_tag":[31,35,30,29],"class_list":{"0":"post-2071","1":"product","2":"type-product","3":"status-publish","4":"has-post-thumbnail","6":"product_cat-boligrafos","7":"product_cat-boligrafos-ecologicos","8":"product_tag-boligrafos","9":"product_tag-corcho","10":"product_tag-ecologicos","11":"product_tag-escritura","13":"first","14":"instock","15":"shipping-taxable","16":"product-type-simple","17":"entry","18":"content-bg","19":"loop-entry"},"_links":{"self":[{"href":"https:\/\/mgpromocionales.co\/index.php\/wp-json\/wp\/v2\/product\/2071"}],"collection":[{"href":"https:\/\/mgpromocionales.co\/index.php\/wp-json\/wp\/v2\/product"}],"about":[{"href":"https:\/\/mgpromocionales.co\/index.php\/wp-json\/wp\/v2\/types\/product"}],"replies":[{"embeddable":true,"href":"https:\/\/mgpromocionales.co\/index.php\/wp-json\/wp\/v2\/comments?post=2071"}],"wp:featuredmedia":[{"embeddable":true,"href":"https:\/\/mgpromocionales.co\/index.php\/wp-json\/wp\/v2\/media\/2097"}],"wp:attachment":[{"href":"https:\/\/mgpromocionales.co\/index.php\/wp-json\/wp\/v2\/media?parent=2071"}],"wp:term":[{"taxonomy":"product_brand","embeddable":true,"href":"https:\/\/mgpromocionales.co\/index.php\/wp-json\/wp\/v2\/product_brand?post=2071"},{"taxonomy":"product_cat","embeddable":true,"href":"https:\/\/mgpromocionales.co\/index.php\/wp-json\/wp\/v2\/product_cat?post=2071"},{"taxonomy":"product_tag","embeddable":true,"href":"https:\/\/mgpromocionales.co\/index.php\/wp-json\/wp\/v2\/product_tag?post=2071"}],"curies":[{"name":"wp","href":"https:\/\/api.w.org\/{rel}","templated":true}]}}