{"id":2135,"date":"2025-04-01T16:41:35","date_gmt":"2025-04-01T21:41:35","guid":{"rendered":"https:\/\/mgpromocionales.co\/?post_type=product&#038;p=2135"},"modified":"2025-04-01T19:08:39","modified_gmt":"2025-04-02T00:08:39","slug":"es0940-boligrafo-manchester-bambu-ii","status":"publish","type":"product","link":"https:\/\/mgpromocionales.co\/index.php\/product\/es0940-boligrafo-manchester-bambu-ii\/","title":{"rendered":"Bol\u00edgrafo Manchester Bamb\u00fa II"},"content":{"rendered":"<h6><img loading=\"lazy\" decoding=\"async\" class=\"alignnone wp-image-2125\" src=\"https:\/\/mgpromocionales.co\/wp-content\/uploads\/2025\/04\/BAMBu-1.png\" sizes=\"(max-width: 71px) 100vw, 71px\" srcset=\"https:\/\/mgpromocionales.co\/wp-content\/uploads\/2025\/04\/BAMBu-1.png 150w, https:\/\/mgpromocionales.co\/wp-content\/uploads\/2025\/04\/BAMBu-1-100x100.png 100w\" alt=\"\" width=\"71\" height=\"71\" \/><\/h6>\n<h6><span style=\"vertical-align: inherit;\"><span style=\"vertical-align: inherit;\">La fibra del bamb\u00fa es un tipo de fibra reciclable, algunas de sus ventajas son:<\/span><\/span><\/h6>\n<ul>\n<li>\n<h6><span style=\"vertical-align: inherit;\"><span style=\"vertical-align: inherit;\">Buena permeabilidad e higroscopicidad (Propiedad de absorber la humedad).<\/span><\/span><\/h6>\n<\/li>\n<li>\n<h6><span style=\"vertical-align: inherit;\"><span style=\"vertical-align: inherit;\">Los productos telados son suaves y blandos.<\/span><\/span><\/h6>\n<\/li>\n<li>\n<h6><span style=\"vertical-align: inherit;\"><span style=\"vertical-align: inherit;\">Su acci\u00f3n bactericida natural elimina los malos olores.<\/span><\/span><\/h6>\n<\/li>\n<li>\n<h6><span style=\"vertical-align: inherit;\"><span style=\"vertical-align: inherit;\">Anti-rayos ultravioleta.<\/span><\/span><\/h6>\n<\/li>\n<li>\n<h6><span style=\"vertical-align: inherit;\"><span style=\"vertical-align: inherit;\">\u00a0100% biodegradables. Se puede descomponer completamente en la tierra.<\/span><\/span><\/h6>\n<\/li>\n<li>\n<h6><span style=\"vertical-align: inherit;\"><span style=\"vertical-align: inherit;\">\u00a0Gran resistencia y larga duraci\u00f3n.<\/span><\/span><\/h6>\n<\/li>\n<\/ul>\n","protected":false},"excerpt":{"rendered":"<p class=\"ng-star-inserted\"><span style=\"vertical-align: inherit;\"><span style=\"vertical-align: inherit;\">Bol\u00edgrafo ecol\u00f3gico en bamb\u00fa con sistema de apertura retr\u00e1ctil. Clip Met\u00e1lico<\/span><\/span><\/p>\n<div class=\"py-3\">\n<ul>\n<li><b><span style=\"vertical-align: inherit;\"><span style=\"vertical-align: inherit;\">MATERIAL:\u00a0<\/span><\/span><\/b><span style=\"vertical-align: inherit;\"><span style=\"vertical-align: inherit;\"> Bamb\u00fa<\/span><\/span><\/li>\n<li><b><span style=\"vertical-align: inherit;\"><span style=\"vertical-align: inherit;\">MEDIDAS:\u00a0<\/span><\/span><\/b><span style=\"vertical-align: inherit;\"><span style=\"vertical-align: inherit;\"> 14 cm de largo<\/span><\/span><\/li>\n<\/ul>\n<h5><strong><span style=\"vertical-align: inherit;\"><span style=\"vertical-align: inherit;\">Colores disponibles:<\/span><\/span><img loading=\"lazy\" decoding=\"async\" class=\"alignnone wp-image-2136\" src=\"https:\/\/mgpromocionales.co\/wp-content\/uploads\/2025\/04\/manchester-bambu.png\" alt=\"\" width=\"108\" height=\"22\" \/><\/strong><\/h5>\n<\/div>\n","protected":false},"featured_media":2137,"comment_status":"closed","ping_status":"closed","template":"","meta":{"_kadence_starter_templates_imported_post":false,"_kad_post_transparent":"default","_kad_post_title":"","_kad_post_layout":"default","_kad_post_sidebar_id":"","_kad_post_content_style":"default","_kad_post_vertical_padding":"default","_kad_post_feature":"","_kad_post_feature_position":"","_kad_post_header":false,"_kad_post_footer":false},"product_brand":[],"product_cat":[25,39],"product_tag":[36,31,30,29],"class_list":{"0":"post-2135","1":"product","2":"type-product","3":"status-publish","4":"has-post-thumbnail","6":"product_cat-boligrafos","7":"product_cat-boligrafos-ecologicos","8":"product_tag-bambu","9":"product_tag-boligrafos","10":"product_tag-ecologicos","11":"product_tag-escritura","13":"first","14":"instock","15":"shipping-taxable","16":"product-type-simple","17":"entry","18":"content-bg","19":"loop-entry"},"_links":{"self":[{"href":"https:\/\/mgpromocionales.co\/index.php\/wp-json\/wp\/v2\/product\/2135"}],"collection":[{"href":"https:\/\/mgpromocionales.co\/index.php\/wp-json\/wp\/v2\/product"}],"about":[{"href":"https:\/\/mgpromocionales.co\/index.php\/wp-json\/wp\/v2\/types\/product"}],"replies":[{"embeddable":true,"href":"https:\/\/mgpromocionales.co\/index.php\/wp-json\/wp\/v2\/comments?post=2135"}],"wp:featuredmedia":[{"embeddable":true,"href":"https:\/\/mgpromocionales.co\/index.php\/wp-json\/wp\/v2\/media\/2137"}],"wp:attachment":[{"href":"https:\/\/mgpromocionales.co\/index.php\/wp-json\/wp\/v2\/media?parent=2135"}],"wp:term":[{"taxonomy":"product_brand","embeddable":true,"href":"https:\/\/mgpromocionales.co\/index.php\/wp-json\/wp\/v2\/product_brand?post=2135"},{"taxonomy":"product_cat","embeddable":true,"href":"https:\/\/mgpromocionales.co\/index.php\/wp-json\/wp\/v2\/product_cat?post=2135"},{"taxonomy":"product_tag","embeddable":true,"href":"https:\/\/mgpromocionales.co\/index.php\/wp-json\/wp\/v2\/product_tag?post=2135"}],"curies":[{"name":"wp","href":"https:\/\/api.w.org\/{rel}","templated":true}]}}