{"id":2295,"date":"2025-04-08T20:17:52","date_gmt":"2025-04-09T01:17:52","guid":{"rendered":"https:\/\/mgpromocionales.co\/?post_type=product&#038;p=2295"},"modified":"2025-04-08T21:06:09","modified_gmt":"2025-04-09T02:06:09","slug":"boligrafo-switch","status":"publish","type":"product","link":"https:\/\/mgpromocionales.co\/index.php\/product\/boligrafo-switch\/","title":{"rendered":"Bol\u00edgrafo Switch"},"content":{"rendered":"","protected":false},"excerpt":{"rendered":"<p>Bol\u00edgrafo retr\u00e1ctil, cuerpo de aluminio en diferentes colores acabado mate, bot\u00f3n, clip y puntera met\u00e1licos cromados.<\/p>\n<ul>\n<li><b>MATERIAL: <\/b>Aluminio, pl\u00e1stico ABS y acero.<\/li>\n<li><b>MEDIDAS:\u00a0<\/b>13.7 cm\u00a0 x 1 cm.<\/li>\n<li><strong>PESO: <\/strong>14\u00a0Gr.<\/li>\n<\/ul>\n<h5><strong>Colores disponibles:<img loading=\"lazy\" decoding=\"async\" class=\"alignnone wp-image-2296\" src=\"https:\/\/mgpromocionales.co\/wp-content\/uploads\/2025\/04\/BP324-Boligrafo-SWITCH-colors.png\" alt=\"Aluminio, pl\u00e1stico ABS y acero. \" width=\"70\" height=\"23\" \/><\/strong><\/h5>\n","protected":false},"featured_media":2298,"comment_status":"open","ping_status":"closed","template":"","meta":{"_kadence_starter_templates_imported_post":false,"_kad_post_transparent":"default","_kad_post_title":"","_kad_post_layout":"default","_kad_post_sidebar_id":"","_kad_post_content_style":"default","_kad_post_vertical_padding":"default","_kad_post_feature":"","_kad_post_feature_position":"","_kad_post_header":false,"_kad_post_footer":false},"product_brand":[],"product_cat":[25,38],"product_tag":[41,31,29,42],"class_list":{"0":"post-2295","1":"product","2":"type-product","3":"status-publish","4":"has-post-thumbnail","6":"product_cat-boligrafos","7":"product_cat-boligrafos-metalicos","8":"product_tag-aluminio","9":"product_tag-boligrafos","10":"product_tag-escritura","11":"product_tag-metalicos","13":"first","14":"instock","15":"shipping-taxable","16":"product-type-simple","17":"entry","18":"content-bg","19":"loop-entry"},"_links":{"self":[{"href":"https:\/\/mgpromocionales.co\/index.php\/wp-json\/wp\/v2\/product\/2295"}],"collection":[{"href":"https:\/\/mgpromocionales.co\/index.php\/wp-json\/wp\/v2\/product"}],"about":[{"href":"https:\/\/mgpromocionales.co\/index.php\/wp-json\/wp\/v2\/types\/product"}],"replies":[{"embeddable":true,"href":"https:\/\/mgpromocionales.co\/index.php\/wp-json\/wp\/v2\/comments?post=2295"}],"wp:featuredmedia":[{"embeddable":true,"href":"https:\/\/mgpromocionales.co\/index.php\/wp-json\/wp\/v2\/media\/2298"}],"wp:attachment":[{"href":"https:\/\/mgpromocionales.co\/index.php\/wp-json\/wp\/v2\/media?parent=2295"}],"wp:term":[{"taxonomy":"product_brand","embeddable":true,"href":"https:\/\/mgpromocionales.co\/index.php\/wp-json\/wp\/v2\/product_brand?post=2295"},{"taxonomy":"product_cat","embeddable":true,"href":"https:\/\/mgpromocionales.co\/index.php\/wp-json\/wp\/v2\/product_cat?post=2295"},{"taxonomy":"product_tag","embeddable":true,"href":"https:\/\/mgpromocionales.co\/index.php\/wp-json\/wp\/v2\/product_tag?post=2295"}],"curies":[{"name":"wp","href":"https:\/\/api.w.org\/{rel}","templated":true}]}}