{"id":2309,"date":"2025-04-08T21:37:21","date_gmt":"2025-04-09T02:37:21","guid":{"rendered":"https:\/\/mgpromocionales.co\/?post_type=product&#038;p=2309"},"modified":"2025-04-08T21:55:24","modified_gmt":"2025-04-09T02:55:24","slug":"boligrafo-roller-silverfield-ii","status":"publish","type":"product","link":"https:\/\/mgpromocionales.co\/index.php\/product\/boligrafo-roller-silverfield-ii\/","title":{"rendered":"Bol\u00edgrafo Roller Silverfield II"},"content":{"rendered":"","protected":false},"excerpt":{"rendered":"<p>Bol\u00edgrafo Roller, apertura con tapa a presi\u00f3n, clip y anillos met\u00e1licos color plata, tinta negra. Destape color plata tanto en el cuerpo como en la tapa. Presentaci\u00f3n en estuche con cierre magn\u00e9tico.<\/p>\n<ul>\n<li><b>MATERIAL:\u00a0<\/b>Aluminio.<\/li>\n<li><b>MEDIDAS:\u00a0<\/b>13.7 cm.<\/li>\n<\/ul>\n<h5><strong>Colores disponibles:<\/strong><strong><img loading=\"lazy\" decoding=\"async\" class=\"alignnone wp-image-2276\" src=\"https:\/\/mgpromocionales.co\/wp-content\/uploads\/2025\/04\/negro.png\" alt=\"\" width=\"27\" height=\"22\" \/><\/strong><\/h5>\n<h5><strong>\u00a0<\/strong><\/h5>\n","protected":false},"featured_media":2312,"comment_status":"open","ping_status":"closed","template":"","meta":{"_kadence_starter_templates_imported_post":false,"_kad_post_transparent":"default","_kad_post_title":"","_kad_post_layout":"default","_kad_post_sidebar_id":"","_kad_post_content_style":"default","_kad_post_vertical_padding":"default","_kad_post_feature":"","_kad_post_feature_position":"","_kad_post_header":false,"_kad_post_footer":false},"product_brand":[],"product_cat":[25,38],"product_tag":[41,31,29,42],"class_list":{"0":"post-2309","1":"product","2":"type-product","3":"status-publish","4":"has-post-thumbnail","6":"product_cat-boligrafos","7":"product_cat-boligrafos-metalicos","8":"product_tag-aluminio","9":"product_tag-boligrafos","10":"product_tag-escritura","11":"product_tag-metalicos","13":"first","14":"instock","15":"shipping-taxable","16":"product-type-simple","17":"entry","18":"content-bg","19":"loop-entry"},"_links":{"self":[{"href":"https:\/\/mgpromocionales.co\/index.php\/wp-json\/wp\/v2\/product\/2309"}],"collection":[{"href":"https:\/\/mgpromocionales.co\/index.php\/wp-json\/wp\/v2\/product"}],"about":[{"href":"https:\/\/mgpromocionales.co\/index.php\/wp-json\/wp\/v2\/types\/product"}],"replies":[{"embeddable":true,"href":"https:\/\/mgpromocionales.co\/index.php\/wp-json\/wp\/v2\/comments?post=2309"}],"wp:featuredmedia":[{"embeddable":true,"href":"https:\/\/mgpromocionales.co\/index.php\/wp-json\/wp\/v2\/media\/2312"}],"wp:attachment":[{"href":"https:\/\/mgpromocionales.co\/index.php\/wp-json\/wp\/v2\/media?parent=2309"}],"wp:term":[{"taxonomy":"product_brand","embeddable":true,"href":"https:\/\/mgpromocionales.co\/index.php\/wp-json\/wp\/v2\/product_brand?post=2309"},{"taxonomy":"product_cat","embeddable":true,"href":"https:\/\/mgpromocionales.co\/index.php\/wp-json\/wp\/v2\/product_cat?post=2309"},{"taxonomy":"product_tag","embeddable":true,"href":"https:\/\/mgpromocionales.co\/index.php\/wp-json\/wp\/v2\/product_tag?post=2309"}],"curies":[{"name":"wp","href":"https:\/\/api.w.org\/{rel}","templated":true}]}}