{"id":2326,"date":"2025-04-08T22:30:13","date_gmt":"2025-04-09T03:30:13","guid":{"rendered":"https:\/\/mgpromocionales.co\/?post_type=product&#038;p=2326"},"modified":"2025-04-08T22:30:13","modified_gmt":"2025-04-09T03:30:13","slug":"boligrafo-loren","status":"publish","type":"product","link":"https:\/\/mgpromocionales.co\/index.php\/product\/boligrafo-loren\/","title":{"rendered":"Bol\u00edgrafo Loren"},"content":{"rendered":"","protected":false},"excerpt":{"rendered":"<p class=\"ng-star-inserted\">Bol\u00edgrafo retr\u00e1ctil, cuerpo pl\u00e1stico en diferentes colores acabado brillante, pulsador de bamb\u00fa.<\/p>\n<div class=\"py-3\">\n<ul>\n<li><b>MATERIAL:<\/b> Pl\u00e1stico ABS reciclado y bamb\u00fa.<\/li>\n<li><b>MEDIDAS:\u00a0<\/b>13,5 cm de largo.<\/li>\n<\/ul>\n<h5><strong>Colores disponibles:<img loading=\"lazy\" decoding=\"async\" class=\"alignnone  wp-image-2330\" src=\"https:\/\/mgpromocionales.co\/wp-content\/uploads\/2025\/04\/BP323-Boligrafo-LOREN-300x38.png\" alt=\"BP323 Bol\u00edgrafo LOREN\" width=\"189\" height=\"24\" srcset=\"https:\/\/mgpromocionales.co\/wp-content\/uploads\/2025\/04\/BP323-Boligrafo-LOREN-300x38.png 300w, https:\/\/mgpromocionales.co\/wp-content\/uploads\/2025\/04\/BP323-Boligrafo-LOREN.png 335w\" sizes=\"(max-width: 189px) 100vw, 189px\" \/><\/strong><\/h5>\n<\/div>\n","protected":false},"featured_media":2327,"comment_status":"open","ping_status":"closed","template":"","meta":{"_kadence_starter_templates_imported_post":false,"_kad_post_transparent":"default","_kad_post_title":"","_kad_post_layout":"default","_kad_post_sidebar_id":"","_kad_post_content_style":"default","_kad_post_vertical_padding":"default","_kad_post_feature":"","_kad_post_feature_position":"","_kad_post_header":false,"_kad_post_footer":false},"product_brand":[],"product_cat":[25,43],"product_tag":[36,31,29],"class_list":{"0":"post-2326","1":"product","2":"type-product","3":"status-publish","4":"has-post-thumbnail","6":"product_cat-boligrafos","7":"product_cat-boligrafos-plasticos","8":"product_tag-bambu","9":"product_tag-boligrafos","10":"product_tag-escritura","12":"first","13":"instock","14":"shipping-taxable","15":"product-type-simple","16":"entry","17":"content-bg","18":"loop-entry"},"_links":{"self":[{"href":"https:\/\/mgpromocionales.co\/index.php\/wp-json\/wp\/v2\/product\/2326"}],"collection":[{"href":"https:\/\/mgpromocionales.co\/index.php\/wp-json\/wp\/v2\/product"}],"about":[{"href":"https:\/\/mgpromocionales.co\/index.php\/wp-json\/wp\/v2\/types\/product"}],"replies":[{"embeddable":true,"href":"https:\/\/mgpromocionales.co\/index.php\/wp-json\/wp\/v2\/comments?post=2326"}],"wp:featuredmedia":[{"embeddable":true,"href":"https:\/\/mgpromocionales.co\/index.php\/wp-json\/wp\/v2\/media\/2327"}],"wp:attachment":[{"href":"https:\/\/mgpromocionales.co\/index.php\/wp-json\/wp\/v2\/media?parent=2326"}],"wp:term":[{"taxonomy":"product_brand","embeddable":true,"href":"https:\/\/mgpromocionales.co\/index.php\/wp-json\/wp\/v2\/product_brand?post=2326"},{"taxonomy":"product_cat","embeddable":true,"href":"https:\/\/mgpromocionales.co\/index.php\/wp-json\/wp\/v2\/product_cat?post=2326"},{"taxonomy":"product_tag","embeddable":true,"href":"https:\/\/mgpromocionales.co\/index.php\/wp-json\/wp\/v2\/product_tag?post=2326"}],"curies":[{"name":"wp","href":"https:\/\/api.w.org\/{rel}","templated":true}]}}