{"id":2344,"date":"2025-04-09T16:01:15","date_gmt":"2025-04-09T21:01:15","guid":{"rendered":"https:\/\/mgpromocionales.co\/?post_type=product&#038;p=2344"},"modified":"2025-04-09T16:10:10","modified_gmt":"2025-04-09T21:10:10","slug":"boligrafo-croma","status":"publish","type":"product","link":"https:\/\/mgpromocionales.co\/index.php\/product\/boligrafo-croma\/","title":{"rendered":"Bol\u00edgrafo Croma Unicolor"},"content":{"rendered":"","protected":false},"excerpt":{"rendered":"<p class=\"ng-star-inserted\">Bol\u00edgrafo retr\u00e1ctil, clip pl\u00e1stico del mismo color del cuerpo, tinta negra, sistema de bot\u00f3n push para destapar.<\/p>\n<div class=\"py-3\">\n<ul>\n<li><b>MATERIAL:<\/b> Pl\u00e1stico.<\/li>\n<li><b>MEDIDAS:\u00a0<\/b>13,6cm de largo.<\/li>\n<\/ul>\n<h5><strong>Colores disponibles:<img loading=\"lazy\" decoding=\"async\" class=\"alignnone wp-image-2345\" src=\"https:\/\/mgpromocionales.co\/wp-content\/uploads\/2025\/04\/BO300-Boligrafo-croma-Colors-300x23.png\" alt=\"\" width=\"274\" height=\"21\" srcset=\"https:\/\/mgpromocionales.co\/wp-content\/uploads\/2025\/04\/BO300-Boligrafo-croma-Colors-300x23.png 300w, https:\/\/mgpromocionales.co\/wp-content\/uploads\/2025\/04\/BO300-Boligrafo-croma-Colors.png 690w\" sizes=\"(max-width: 274px) 100vw, 274px\" \/><\/strong><\/h5>\n<\/div>\n","protected":false},"featured_media":2348,"comment_status":"open","ping_status":"closed","template":"","meta":{"_kadence_starter_templates_imported_post":false,"_kad_post_transparent":"default","_kad_post_title":"","_kad_post_layout":"default","_kad_post_sidebar_id":"","_kad_post_content_style":"default","_kad_post_vertical_padding":"default","_kad_post_feature":"","_kad_post_feature_position":"","_kad_post_header":false,"_kad_post_footer":false},"product_brand":[],"product_cat":[25,43],"product_tag":[31,29],"class_list":{"0":"post-2344","1":"product","2":"type-product","3":"status-publish","4":"has-post-thumbnail","6":"product_cat-boligrafos","7":"product_cat-boligrafos-plasticos","8":"product_tag-boligrafos","9":"product_tag-escritura","11":"first","12":"instock","13":"shipping-taxable","14":"product-type-simple","15":"entry","16":"content-bg","17":"loop-entry"},"_links":{"self":[{"href":"https:\/\/mgpromocionales.co\/index.php\/wp-json\/wp\/v2\/product\/2344"}],"collection":[{"href":"https:\/\/mgpromocionales.co\/index.php\/wp-json\/wp\/v2\/product"}],"about":[{"href":"https:\/\/mgpromocionales.co\/index.php\/wp-json\/wp\/v2\/types\/product"}],"replies":[{"embeddable":true,"href":"https:\/\/mgpromocionales.co\/index.php\/wp-json\/wp\/v2\/comments?post=2344"}],"wp:featuredmedia":[{"embeddable":true,"href":"https:\/\/mgpromocionales.co\/index.php\/wp-json\/wp\/v2\/media\/2348"}],"wp:attachment":[{"href":"https:\/\/mgpromocionales.co\/index.php\/wp-json\/wp\/v2\/media?parent=2344"}],"wp:term":[{"taxonomy":"product_brand","embeddable":true,"href":"https:\/\/mgpromocionales.co\/index.php\/wp-json\/wp\/v2\/product_brand?post=2344"},{"taxonomy":"product_cat","embeddable":true,"href":"https:\/\/mgpromocionales.co\/index.php\/wp-json\/wp\/v2\/product_cat?post=2344"},{"taxonomy":"product_tag","embeddable":true,"href":"https:\/\/mgpromocionales.co\/index.php\/wp-json\/wp\/v2\/product_tag?post=2344"}],"curies":[{"name":"wp","href":"https:\/\/api.w.org\/{rel}","templated":true}]}}